 of g and p.
3
Suppose 2*i = -5*s + 15, 2*s = -3*i - 2*i + 27. Calculate the highest common divisor of s and 16.
1
Suppose -4*q + 9*q = 20. Suppose z - 16 = -q*u, -2*u + 4*u - 6 = 0. Let b be 28/(2/(-4)*-2). What is the greatest common factor of b and z?
4
Suppose n - 2*n + s = 193, n - 4*s = -190. Let a be n/(-12) + (-1)/6. What is the greatest common divisor of a and 40?
8
Suppose -2*y + 14 = 4*n, 0 = -2*y + 5*n - 2*n + 21. Let b = y + -4. What is the greatest common factor of b and 40?
5
Suppose 0*t = -3*t + 51. Let r(w) = -w**3 + 7*w**2 + w. Let n be r(5). Suppose -d + n + t = 0. Calculate the highest common divisor of 8 and d.
8
Suppose 3*v = -144 + 504. Calculate the greatest common divisor of 24 and v.
24
Suppose i - 2*x - 2*x - 76 = 0, -2*i - 2*x = -162. What is the greatest common factor of 10 and i?
10
Let v = 1 + -2. Let t be (-21)/(-18) - v/(-6). Let r be (-363)/(-15) + t/(-5). Calculate the highest common divisor of 16 and r.
8
Suppose a - 140 = -2*p + 4*p, 2*p = 0. Calculate the highest common divisor of 20 and a.
20
Let s(c) = 3 - 3 + 35*c**2 - 2 + 0 + c. Let p be s(2). Let n(z) = -z + 15. Let g be n(-5). What is the highest common factor of p and g?
20
Suppose -3*k + 6 = -3. Suppose -k*y = -366 - 948. Suppose 4*g + 130 = y. Calculate the greatest common divisor of g and 7.
7
Suppose 4*t + 465 = -t. Let d = -53 - t. Calculate the highest common divisor of 8 and d.
8
Suppose -3*i = 2*i + 535. Let w = 155 + i. What is the highest common factor of w and 16?
16
Let l = 136 - -17. What is the highest common factor of l and 17?
17
Let a(x) = 4*x. Let l be (24/20)/((-2)/(-5)). Let d be a(l). Let z be (-2 - -2*31) + 0. Calculate the greatest common divisor of d and z.
12
Let f = 31 - -9. Let h be (-5)/10*(-42 + 0). Suppose -2*b + h = 1. What is the greatest common factor of f and b?
10
Let r(u) = -2 + 9 + 4*u - 3*u. Let t be r(11). What is the highest common divisor of t and 126?
18
Let t(o) = -11*o + 14. Let m be t(-6). What is the highest common divisor of 10 and m?
10
Suppose 0 = 2*n - 6 - 6. Suppose -4*s + 6 = 2*y - y, -3*s + 24 = 4*y. What is the highest common divisor of y and n?
6
Let g be (-16)/(-88) + 163/11. Let z be ((-27)/(-3))/((-2)/(-30)). What is the greatest common divisor of g and z?
15
Let n be ((-12)/24)/((-1)/8). Calculate the highest common factor of 108 and n.
4
Suppose 7 = 2*c + 27. Let z = c - -180. Let f = -82 + z. Calculate the greatest common factor of 8 and f.
8
Suppose 2*v - 28 = -2*v. What is the greatest common factor of 1 and v?
1
Let i be 0 + (121 - 2) + 1. What is the highest common factor of 12 and i?
12
Suppose 5*k - 39 + 14 = 0. Let o be 313/k - 12/(-30). What is the greatest common factor of o and 7?
7
Let z be (-30)/4*20/(-15). Suppose -5*o = -7*h + 2*h - 390, 0 = -5*o - 3*h + 406. Calculate the greatest common factor of z and o.
10
Let x = 411 - 290. Calculate the greatest common factor of x and 11.
11
Let d be -3 + 4 + (3 - 0). Suppose 99 + 121 = d*h. Let i = -32 + 54. Calculate the greatest common factor of h and i.
11
Suppose -4*q + 3*q + 188 = 0. What is the greatest common divisor of q and 47?
47
Suppose -4*g = -5*h - 38 + 10, 5*g + h = 6. Let v = -63 + 73. What is the highest common factor of g and v?
2
Suppose 4*c - 3 = -23. Let l = 3 + c. Let b = 16 + l. What is the highest common factor of 154 and b?
14
Let l(g) be the first derivative of -3*g**2 - 1/3*g**3 - 2 - 3*g. Let k be l(-2). What is the greatest common divisor of k and 55?
5
Let y be (-3)/(-4) - 1 - 212/(-16). What is the highest common factor of 143 and y?
13
Let z be 23*(1 + 0)*5. Let n(i) = -2*i - 8 - 4 + 8 - 7*i. Let t be n(-3). What is the highest common divisor of t and z?
23
Let r(z) = 25 + 8*z**2 + 5*z - 17 - 13*z - z**3. Let l be r(6). What is the highest common divisor of 80 and l?
16
Let v(p) be the first derivative of -p**2/2 + 18*p - 3. Let i be v(6). What is the greatest common divisor of i and 108?
12
Let v(c) = 2*c**2 + 2*c + 2. Suppose 6 = -3*y, -3*o + 7*o + 5*y + 18 = 0. Let s be v(o). Let m = 99 - 57. What is the greatest common factor of m and s?
6
Let s be (-4 - -7)/((-3)/(-42)). What is the highest common factor of 105 and s?
21
Let y(s) = s**3 + 5*s**2 - 3*s - 1. Let k be y(-5). What is the greatest common factor of 7 and k?
7
Let w(j) = -10*j - 3. Let i be 0 + (-1 - -1) - -4. Suppose i*t = -1 - 7. Let f be w(t). Calculate the greatest common divisor of f and 85.
17
Let d = -3 - -42. What is the highest common factor of d and 273?
39
Suppose x - 141 = -v, -2*v + 714 = -x + 6*x. Calculate the highest common divisor of x and 18.
18
Suppose 4 = -5*o - 1. Let r(h) = -39*h - 11. Let v(w) = -13*w - 4. Let f(x) = 3*r(x) - 8*v(x). Let n be f(o). What is the greatest common divisor of 4 and n?
4
Let m = -4 + 4. Let k = m - -3. Let z be (1 + 8)*8/3. Calculate the highest common factor of k and z.
3
Let k be (22/6)/(3/108). Let t be (4*-1)/(4 + -2). Let a = 10 - t. Calculate the highest common divisor of a and k.
12
Suppose 0 = 3*v + 56 + 28. Let a = v + 41. What is the greatest common divisor of 39 and a?
13
Let f be (-82)/(2 + -3 - 1). Suppose 5*b - f - 24 = 0. What is the highest common factor of b and 52?
13
Suppose -4*y - 2*r + 5 = 1, -4*r = 2*y + 10. Suppose y*o = 2*o + 3. Let d = o + -1. What is the greatest common factor of 16 and d?
2
Suppose 11 = -5*s + 206. Let r(h) = -1. Let g(f) = -10*f - 16. Let b(u) = g(u) - 12*r(u). Let w be b(-3). What is the greatest common factor of w and s?
13
Suppose r + 12 = -5*c + 42, 4*c = 2*r + 10. Suppose -2*v + 10 = r*h - 26, -2*h + 90 = 5*v. Calculate the greatest common divisor of 2 and v.
2
Let y = 8 + -20. Let h be 294/(-4)*y/9. Calculate the greatest common factor of 14 and h.
14
Let o(i) = i**3 + 4*i**2 + i + 2. Let u be o(-2). Calculate the greatest common factor of u and 56.
8
Let a(z) = 4*z + 4. Let o be a(6). Let p = -336 - -476. What is the greatest common divisor of p and o?
28
Let u(j) = -19*j + 5. Let k be u(-4). Suppose -k = d - 4*d. Let o = -16 + 25. What is the greatest common divisor of d and o?
9
Suppose 23 + 17 = 2*w. Suppose -3*o = -2*c + 4, -3*c = 6*o - 2*o - 6. Suppose c*g + 4 = 3*g. What is the highest common factor of g and w?
4
Let v be 6/4 + (-5)/(-2). Suppose 0*o + v*o - 160 = 0. Calculate the greatest common divisor of 16 and o.
8
Suppose -4*w + 572 - 96 = 0. Calculate the highest common factor of 17 and w.
17
Suppose 3*i = 7*i - 80. Suppose i = 3*v - 40. Suppose -t = -v + 4. Calculate the highest common factor of 24 and t.
8
Suppose 6 = 10*w - 24. Suppose 2*x - 4 = x. Suppose 109 = 5*t + w*y, 3*y + 77 = x*t + 2*y. What is the highest common divisor of 5 and t?
5
Suppose 0 = -5*d - 182 - 148. Suppose -8 = -3*w + 358. Let r = d + w. What is the greatest common factor of r and 8?
8
Suppose -2*t - 21 = -q + 67, 5*q = -2*t + 488. What is the highest common divisor of 72 and q?
24
Let p(u) = u**3 - u**2 + 11*u - 3. Let c be p(3). What is the highest common factor of 12 and c?
12
Suppose 5*q + 147 = t - 102, -5*q - 473 = -2*t. What is the greatest common divisor of 28 and t?
28
Suppose 0*k + k = 250. Let r = k + -70. Calculate the highest common divisor of r and 20.
20
Suppose 14*p = 16*p - 82. Suppose -5*r = p - 151. Calculate the highest common divisor of 66 and r.
22
Let r be 1*50/15*3. What is the highest common divisor of 10 and r?
10
Let c(w) = 7*w + 5. Let i be c(5). Let o = -12 - -13. Suppose -r + 17 = o. Calculate the highest common factor of r and i.
8
Suppose -23*u + 20*u = -171. What is the greatest common divisor of u and 19?
19
Suppose -3*r = -y - 20, -3*y - 8 + 46 = 5*r. Calculate the highest common factor of 7 and r.
7
Let v = -12 + 21. Let j(k) = 17*k + 2. Let z(a) = 9*a + 1. Let x(l) = 4*j(l) - 7*z(l). Let m be x(1). What is the highest common factor of v and m?
3
Let t(n) = -n**3 - 12*n**2 + 13*n + 9. Let c be t(-13). What is the greatest common divisor of c and 54?
9
Let n be -1 + (-1 - -7 - -1). Calculate the highest common divisor of 36 and n.
6
Let j = -107 + 109. What is the highest common divisor of 18 and j?
2
Suppose -3*b + 28 = -b. Calculate the highest common factor of 98 and b.
14
Suppose 0 = -2*d, 3*a - 114 = -0*d - 4*d. Calculate the highest common divisor of a and 57.
19
Suppose -3 - 1 = -2*c. Suppose -c = i, -4*f 